s 739 composite?
False
Is 30047 prime?
True
Is 28369 composite?
True
Is 24641 a composite number?
True
Is 30865 prime?
False
Is 1732507 a prime number?
False
Is 78643 a composite number?
False
Is 9479 a prime number?
True
Is 4111 prime?
True
Is 751 a prime number?
True
Is 41941 a prime number?
True
Is 5919 composite?
True
Is 140111 composite?
False
Is 97009 a composite number?
True
Is 42361 composite?
True
Is 15581 prime?
True
Is 616261 composite?
False
Is 1800127 a composite number?
True
Is 58385 composite?
True
Is 8431 prime?
True
Is 7279 prime?
False
Is 5266 prime?
False
Is 5471857 a composite number?
False
Is 2557 composite?
False
Is 39793 composite?
True
Is 573101 a prime number?
True
Is 36965 a prime number?
False
Is 73091 a prime number?
True
Is 1331077 prime?
False
Is 250987 a composite number?
True
Is 147685 composite?
True
Is 2749 a composite number?
False
Is 37 prime?
True
Is 776317 a composite number?
False
Is 710351 a composite number?
False
Is 653083 a prime number?
True
Is 2279 a composite number?
True
Is 1543 composite?
False
Is 874919 a composite number?
False
Is 4891 a composite number?
True
Is 44683 prime?
True
Is 5987 a composite number?
False
Is 27449 a prime number?
True
Is 271 composite?
False
Is 3081901 composite?
False
Is 90583 a prime number?
True
Is 21647 a composite number?
False
Is 4193 prime?
False
Is 59935 composite?
True
Is 717 composite?
True
Is 29803 prime?
True
Is 258073 a prime number?
False
Is 1269817 composite?
True
Is 199333 a composite number?
True
Is 155609 a composite number?
False
Is 266241 a composite number?
True
Is 265379 prime?
False
Is 1425317 a prime number?
False
Is 35611 composite?
True
Is 1363015 a prime number?
False
Is 703321 a composite number?
False
Is 8053 prime?
True
Is 13241 composite?
False
Is 195389 a prime number?
True
Is 11863 a prime number?
True
Is 38501 composite?
False
Is 305917 prime?
True
Is 12653 prime?
True
Is 261089 composite?
False
Is 264097 a composite number?
True
Is 73429 a composite number?
True
Is 4831 composite?
False
Is 183583 a composite number?
True
Is 97547 prime?
True
Is 92431 a prime number?
True
Is 527 a composite number?
True
Is 2423 prime?
True
Is 541 composite?
False
Is 2065397 a prime number?
True
Is 6609 a prime number?
False
Is 52199 a prime number?
False
Is 453989 composite?
True
Is 2056381 composite?
False
Is 382957 a composite number?
True
Is 6439 composite?
True
Is 16319 prime?
True
Is 229487 a prime number?
True
Is 7369 a prime number?
True
Is 1250911 a prime number?
False
Is 31917 a prime number?
False
Is 4319 composite?
True
Is 57427 a prime number?
True
Is 15187 a composite number?
False
Is 2372529 a prime number?
False
Is 44015 prime?
False
Is 35691 a composite number?
True
Is 63209 composite?
True
Is 254 prime?
False
Is 1931 composite?
False
Is 152161 prime?
False
Is 72613 a composite number?
False
Is 1257877 composite?
False
Is 79637 a prime number?
False
Is 264011 composite?
True
Is 718759 a prime number?
True
Is 1166663 a composite number?
False
Is 8741 a composite number?
False
Is 294551 composite?
False
Is 689 a prime number?
False
Is 81145 a composite number?
True
Is 7771 composite?
True
Is 21241 a composite number?
True
Is 5293 prime?
False
Is 24281 a composite number?
False
Is 258803 a composite number?
False
Is 152545 a prime number?
False
Is 649457 prime?
True
Is 33311 a prime number?
True
Is 4847 a prime number?
False
Is 280277 a prime number?
True
Is 649765 prime?
False
Is 17035 prime?
False
Is 80057 a prime number?
False
Is 6502 prime?
False
Is 284777 composite?
False
Is 8503 composite?
True
Is 37747 a composite number?
False
Is 19111 a prime number?
False
Is 145577 a composite number?
False
Is 20993 composite?
True
Is 394841 a composite number?
True
Is 2041169 composite?
True
Is 54097 a prime number?
False
Is 468397 a prime number?
False
Is 4721 composite?
False
Is 161277 a prime number?
False
Is 13711 a prime number?
True
Is 1229726 a composite number?
True
Is 767 a prime number?
False
Is 1685 prime?
False
Is 1131859 composite?
True
Is 21211 prime?
True
Is 3163 a composite number?
False
Is 58889 composite?
False
Is 43322 composite?
True
Is 79063 prime?
True
Is 15013 prime?
True
Is 2824291 composite?
False
Is 9521 a composite number?
False
Is 61057 a prime number?
True
Is 12047 a composite number?
True
Is 20761 prime?
False
Is 123389 composite?
True
Is 9209 a composite number?
False
Is 287303 a prime number?
False
Is 1891 composite?
True
Is 717967 prime?
True
Is 180733 a composite number?
True
Is 79277 prime?
False
Is 1040491 a prime number?
False
Is 12979 composite?
False
Is 104869 prime?
True
Is 323957 a composite number?
False
Is 24331 composite?
True
Is 58623 a composite number?
True
Is 51811 a composite number?
True
Is 275521 composite?
False
Is 17219 a composite number?
True
Is 1296281 composite?
True
Is 22409 a prime number?
True
Is 7477 a composite number?
False
Is 132127 composite?
True
Is 86813 composite?
False
Is 3387 composite?
True
Is 468973 composite?
False
Is 49466 a prime number?
False
Is 26083 composite?
False
Is 79 composite?
False
Is 6250945 a prime number?
False
Is 1205183 a prime number?
False
Is 365945 a prime number?
False
Is 601589 prime?
True
Is 752837 prime?
False
Is 491269 prime?
False
Is 6231219 a composite number?
True
Is 91411 a prime number?
True
Is 1909685 prime?
False
Is 26621 composite?
True
Is 97639 composite?
True
Is 56273 prime?
False
Is 39085 composite?
True
Is 673609 a prime number?
True
Is 15877 prime?
True
Is 61255 composite?
True
Is 42962 a composite number?
True
Is 160141 composite?
False
Is 776837 a prime number?
True
Is 4373 a composite number?
False
Is 93683 a composite number?
False
Is 200179 a composite number?
True
Is 15053 composite?
False
Is 37463 composite?
False
Is 317821 composite?
True
Is 257291 a composite number?
True
Is 2272727 a prime number?
True
Is 145577 prime?
True
Is 8287 composite?
False
Is 77383 composite?
False
Is 227753 prime?
False
Is 38917 a composite number?
False
Is 3643 prime?
True
Is 67103 a prime number?
True
Is 5959 a composite number?
True
Is 102887 a composite number?
True
Is 19841 a prime number?
True
Is 65033 a prime number?
True
Is 564419 a composite number?
False
Is 259099 a composite number?
False
Is 45481 prime?
True
Is 14321 prime?
True
Is 41333 composite?
False
Is 85103 composite?
False
Is 185429 a prime number?
True
Is 8059 a prime number?
True
Is 28349 composite?
False
Is 710653 a prime number?
False
Is 1147087 prime?
False
Is 1358338 a prime number?
False
Is 152389 a composite number?
False
Is 1017647 a prime number?
True
Is 107563 a prime number?
True
Is 103381 a composite number?
True
Is 161113 prime?
False
Is 35797 composite?
False
Is 1238779 composite?
True
Is 7493 a prime number?
False
Is 68127 a prime number?
False
Is 370949 a prime number?
True
Is 395803 a composite number?
False
Is 188249 a composite number?
False
Is 15149 a prime number?
True
Is 249287 a composite number?
False
Is 16118 composite?
True
Is 383587 prime?
True
Is 8411 composite?
True
Is 11579 a prime number?
True
Is 17059 a composite number?
True
Is 300719 composite?
False
Is 1227 composite?
True
Is 5897 a composite number?
False
Is 4909 prime?
True
Is 73171 a prime number?
False
Is 101353 a prime number?
False
Is 155 a composite number?
True
Is 1265669 a prime number?
False
Is 1343 prime?
False
Is 609733 prime?
False
Is 9337 prime?
True
Is 34777 composite?
True
Is 153206 a composite number?
True
Is 1007 a composite number?
True
Is 518863 a prime number?
True
Is 49087 prime?
False
Is 3438181 prime?
False
Is 19559 composite?
False
Is 508481 a prime number?
False
Is 6005 prime?
False
Is 22871 a composite number?
False
Is 562193 a prime number?
True
Is 8081 composite?
False
Is 228331 a composite number?
False
Is 244529 a prime number?
True
Is 156781 composite?
False
Is 12689 a prime number?
True
Is 83541 composite?
True
Is 15357 composite?
True
Is 3985 composite?
True
Is 127 prime?
True
Is 210046 a composite number?
True
Is 2653 a composite number?
True
Is 386489 a prime number?
True
Is 11401 a composite number?
True
Is 51853 a composite number?
False
Is 1365761 prime?
True
Is 564565 composite?
True
Is 1261 prime?
False
Is 6637 a prime number?
True
Is 376463 a prime n